) to base 3
-10122211201
Convert -30b27 (base 13) to base 5.
-10300300
Convert 621470 (base 10) to base 6.
21153102
What is -111022110201 (base 3) in base 14?
-6b702
Convert 3401a63 (base 12) to base 7.
150425523
What is 970636 (base 11) in base 5?
344141321
-1400202 (base 5) to base 11
-1a196
What is -205477 (base 8) in base 3?
-10110211220
75738 (base 10) to base 5
4410423
What is -2244004330 (base 5) in base 16?
-4d41b2
-4a721 (base 12) to base 9
-163807
What is 1dccdd (base 15) in base 16?
164aac
What is -13102514 (base 6) in base 12?
-187a3a
Convert 2311440 (base 5) to base 6.
520035
Convert -171850 (base 13) to base 4.
-2030111302
11110101001110 (base 2) to base 12
90ba
1b095 (base 14) to base 11
47703
-1765457 (base 9) to base 7
-11253652
What is -60202565 (base 7) in base 8?
-22766352
Convert -1000101100001010010 (base 2) to base 15.
-59589
What is -12621616 (base 7) in base 11?
-726424
What is -130331100 (base 4) in base 5?
-12243413
Convert 1b8686 (base 14) to base 13.
285951
What is 3233320 (base 4) in base 10?
15352
What is 133e38 (base 15) in base 9?
1658248
Convert -32000032 (base 4) to base 8.
-160016
-2174121 (base 9) to base 6
-41032414
What is 239441 (base 10) in base 11?
153994
-41469 (base 12) to base 15
-1a439
Convert 82367 (base 9) to base 12.
2748a
218845 (base 13) to base 16
c0e74
What is 122221210022102 (base 3) in base 4?
210121213130
Convert 145013 (base 6) to base 5.
422144
170307 (base 14) to base 7
6601510
Convert 651461 (base 7) to base 9.
182532
Convert dc900 (base 16) to base 4.
3130210000
Convert -2292 (base 12) to base 9.
-5252
Convert 64585 (base 10) to base 3.
10021121001
121631 (base 7) to base 6
251032
Convert 1031321021 (base 4) to base 5.
40202144
What is 189137 (base 13) in base 11?
393707
123a6 (base 13) to base 6
415314
What is 89158 (base 10) in base 6?
1524434
What is -240021024 (base 5) in base 8?
-4132743
3885a (base 14) to base 7
1115543
-32014 (base 14) to base 6
-2331014
Convert fabd (base 16) to base 11.
44254
What is 2425463 (base 11) in base 9?
7846878
What is 100122001110012 (base 3) in base 16?
4e1aae
What is -3962a7 (base 15) in base 5?
-1201121412
Convert 30772167 (base 9) to base 16.
e1fab1
What is -201056 (base 7) in base 10?
-33998
2222211021001 (base 3) to base 11
997274
Convert -1369941 (base 10) to base 5.
-322314231
What is 113154646 (base 7) in base 15?
92aabd
What is 2332133013 (base 4) in base 9?
1418243
Convert 2f5c6a (base 16) to base 4.
23311301222
-1000000010010010011111 (base 2) to base 7
-23622323
What is 151410545 (base 6) in base 10?
3158561
What is 8635104 (base 9) in base 8?
21521363
What is 6433254 (base 9) in base 6?
201513551
11021110200010 (base 3) to base 6
120414050
Convert -485aa89 (base 11) to base 5.
-4131244344
What is 22240445 (base 6) in base 8?
2444455
11110100000100100010110 (base 2) to base 4
132200210112
Convert -2121001202100 (base 3) to base 11.
-862147
14030121140 (base 5) to base 16
10fddd5
What is 28268 (base 14) in base 5?
11134033
What is -707a33 (base 11) in base 7?
-12446360
What is 13100340 (base 6) in base 5?
102142222
Convert 2b66c (base 14) to base 10.
108288
What is -23377 (base 11) in base 9?
-51228
What is 341051 (base 6) in base 2?
111000001010111
Convert 1755221 (base 14) to base 7.
166516141
What is 232312233 (base 4) in base 13?
69480
What is 96949 (base 11) in base 3?
21011021102
What is -12625313 (base 7) in base 2?
-100011100110000010101
What is -1043332 (base 5) in base 13?
-8602
1342210 (base 6) to base 4
102132132
What is -10212100211202 (base 3) in base 15?
-2a89c2
-12303112 (base 4) to base 2
-110110011010110
What is -1124163 (base 8) in base 7?
-2410664
2321100122 (base 4) to base 10
758810
What is 7002db (base 14) in base 11?
2141a69
What is -91b964 (base 12) in base 5?
-1040434404
-6652 (base 13) to base 11
-a797
61866 (base 9) to base 12
1b743
What is 15e2ed (base 16) in base 3?
2200212120001
What is 494161 (base 10) in base 5?
111303121
9d5dd (base 16) to base 2
10011101010111011101
What is 97a276 (base 11) in base 13?
42a7a4
Convert 205176 (base 15) to base 14.
2bda77
-119394 (base 12) to base 9
-474764
What is 11226115 (base 7) in base 4?
3233223133
What is 54425120 (base 6) in base 7?
16531215
Convert -899a9 (base 11) to base 3.
-20121202111
-6711c (base 15) to base 7
-2533116
Convert 437657 (base 8) to base 5.
14204000
Convert 351304121 (base 6) to base 5.
3131300200
Convert 463c71 (base 13) to base 15.
22d619
-44bcb (base 16) to base 11
-182592
f1ac37 (base 16) to base 9
32720010
What is -1011211221212 (base 3) in base 8?
-2310335
c265 (base 14) to base 12
17401
-68abae (base 16) to base 12
-2369892
-110110000011110110010 (base 2) to base 13
-4a03ba
What is 10696 (base 15) in base 2?
1100101110010100
Convert -2140343232 (base 5) to base 6.
-243020420
Convert 221205 (base 10) to base 11.
141216
What is -24111003 (base 5) in base 7?
-1615030
-386c8a (base 14) to base 13
-52bb98
What is -152335411 (base 7) in base 15?
-d607a7
What is -3211424 (base 9) in base 15?
-23e9a7
11212000012 (base 4) to base 10
1466374
Convert c69329 (base 13) to base 9.
8662672
What is 32a270 (base 11) in base 4?
2000123300
18d4c4 (base 15) to base 6
41530434
Convert 3532435 (base 8) to base 16.
eb51d
Convert 122bbc (base 15) to base 10.
870027
Convert -12338520 (base 9) to base 14.
-b365cc
Convert -31240121 (base 5) to base 2.
-111111001011100010
Convert 1159415 (base 13) to base 7.
63366554
Convert c083 (base 15) to base 13.
1564b
Convert 1744a (base 11) to base 13.
b1c4
What is -483e6 (base 16) in base 3?
-120000220122
What is -953d (base 15) in base 14?
-b702
1117793 (base 10) to base 7
12333605
What is 4051546 (base 8) in base 13?
2b5cc0
What is 3314033222 (base 5) in base 14?
d4a6dd
Convert 4411b5 (base 12) to base 2.
100000111101111011001
299815 (base 10) to base 2
1001001001100100111
-429328 (base 11) to base 13
-1b0244
What is 926ab0 (base 16) in base 3?
200001111122102
What is c91d8 (base 15) in base 11?
3a6626
213021102 (base 4) to base 12
78956
13bb20 (base 12) to base 4
1100332020
What is -4b59d9 (base 16) in base 11?
-2873164
What is -352155224 (base 6) in base 5?
-3134003024
-11011002200 (base 3) to base 15
-19330
What is -c877b1 (base 14) in base 3?
-110202120002101
What is 4899d4 (base 14) in base 7?
30060454
-1535243 (base 12) to base 11
-2478721
What is -221110022120101 (base 3) in base 13?
-2a58915
What is 3721 (base 12) in base 14?
23a1
-24101344 (base 5) to base 14
-5ad23
-90280 (base 11) to base 12
-64543
43703740 (base 8) to base 12
3197654
What is 30253543 (base 7) in base 11?
146a525
What is -21b3ab9 (base 12) in base 13?
-1450524
Convert 11020020122 (base 4) to base 12.
549962
333117 (base 9) to base 4
300213022
What is 1962125 (base 12) in base 5?
2332303032
Convert -8464 (base 15) to base 11.
-1a03a
What is -20853588 (base 9) in base 13?
-2119343
23780 (base 14) to base 13
30517
Convert -2cc394 (base 13) to base 10.
-1112310
Convert 7233887 (base 10) to base 16.
6e615f
What is -278235 (base 9) in base 11?
-106842
What is -12554400 (base 7) in base 4?
-10122111201
What is -350245232 (base 6) in base 14?
-c0255a
What is 738645 (base 14) in base 13?
a687b7
What is 7144814 (base 9) in base 6?
213350021
What is 757581 (base 9) in base 2?
1101110010010010001
Convert -6144b (base 12) to base 2.
-11110111100111011
What is -12210311 (base 5) in base 13?
-40c47
-1063401 (base 7) to base 2
-100000100010100001
Convert 523085 (base 14) to base 11.
1625412
What is -111110020110 (base 3) in base 10?
-264801
Convert 1177335 (base 8) to base 11.
203a77
Convert -201374 (base 12) to base 9.
-841667
-3dd8ce (base 16) to base 2
-1111011101100011001110
10241121 (base 5) to base 10
87036
1d056 (base 16) to base 2
11101000001010110
Convert 4313001132 (base 5) to base 12.
3073886
Convert 2442141143 (base 5) to base 13.
12893a5
What is -5001053 (base 9) in base 3?
-12000001001210
1361423 (base 8) to base 5
44321221
Convert 111212221102012 (base 3) to base 11.
4190753
28cdb1 (base 14) to base 8
5322557
Convert -25a6266 (base 11) to base 2.
-10001001011011000101111
Convert -2120121220 (base 3) to base 2.
-1100011001000101
What is -86746 (base 13) in base 14?
-6474b
What is 875695 (base 10) in base 4?
3111302233
What is 9650a (base 14) 